-12122210 (base 3) to base 13.
-1b54
597b (base 14) to base 12
9035
What is -1245 (base 10) in base 2?
-10011011101
Convert -2252 (base 8) to base 2.
-10010101010
17218 (base 12) to base 3
1200110102
What is 1c4 (base 13) in base 8?
511
-2206 (base 15) to base 11
-5461
Convert 879 (base 14) to base 8.
3213
What is -19375 (base 14) in base 7?
-354005
2235 (base 6) to base 5
4102
-12003 (base 5) to base 13
-527
Convert -201121 (base 3) to base 12.
-381
83 (base 16) to base 13
a1
-1a1 (base 16) to base 6
-1533
-713 (base 9) to base 8
-1103
What is 8555 (base 13) in base 2?
100100000111011
Convert -2163 (base 7) to base 2.
-1100001100
What is 25052 (base 7) in base 12?
3962
What is 101100110111 (base 2) in base 12?
17b3
Convert 131022 (base 4) to base 2.
11101001010
What is 111101011 (base 2) in base 16?
1eb
Convert 213 (base 16) to base 6.
2243
Convert -153211 (base 6) to base 11.
-10291
What is 33423 (base 5) in base 2?
100100111011
Convert -114651 (base 8) to base 5.
-2224322
What is 2404 (base 14) in base 12?
3770
4120 (base 5) to base 3
201211
273 (base 15) to base 16
22e
b (base 12) to base 16
b
-35768 (base 9) to base 3
-1012212022
3c71 (base 16) to base 6
155345
What is 1255 (base 9) in base 2?
1110101101
Convert 34410 (base 6) to base 10.
4902
Convert -110101101 (base 2) to base 13.
-270
-11031 (base 5) to base 4
-23332
-42c7 (base 16) to base 11
-11931
-678 (base 9) to base 16
-22d
What is -40699 (base 10) in base 3?
-2001211101
-944 (base 10) to base 4
-32300
-42550 (base 7) to base 8
-24512
What is -12120112 (base 3) in base 13?
-1b08
Convert -342 (base 9) to base 8.
-431
Convert 121624 (base 7) to base 11.
15800
Convert 205221 (base 6) to base 14.
6141
What is 111120032 (base 4) in base 14?
23caa
What is -2243 (base 10) in base 7?
-6353
Convert -212201121 (base 3) to base 7.
-101266
1013 (base 10) to base 7
2645
Convert -559d (base 16) to base 13.
-9c8c
Convert 3541 (base 9) to base 4.
221011
Convert 123423 (base 6) to base 5.
324200
-12718 (base 12) to base 8
-61204
36209 (base 11) to base 4
30233000
221 (base 5) to base 7
115
Convert -634 (base 9) to base 12.
-371
What is -6024 (base 9) in base 2?
-1000100101100
What is -1111002 (base 3) in base 8?
-2072
-6291 (base 11) to base 10
-8328
-8660 (base 12) to base 7
-61014
Convert -12544 (base 6) to base 5.
-30221
What is -34055 (base 7) in base 10?
-8615
What is 402452 (base 6) in base 5?
2003322
-10000011000 (base 2) to base 12
-734
What is 2a4 (base 15) in base 6?
2444
What is -2518 (base 9) in base 14?
-984
What is 1635 (base 7) in base 10?
663
-31147 (base 9) to base 11
-1447a
-5225 (base 10) to base 12
-3035
What is -3c1c (base 13) in base 7?
-34126
What is 235 (base 8) in base 7?
313
What is -10111010000111 (base 2) in base 11?
-8a49
140566 (base 7) to base 8
64120
Convert -477 (base 8) to base 2.
-100111111
What is -3ae7 (base 15) in base 5?
-400332
-1445 (base 9) to base 8
-2106
14014 (base 6) to base 9
2871
-ba6b (base 16) to base 15
-e218
Convert -500 (base 12) to base 13.
-435
Convert -35 (base 16) to base 14.
-3b
Convert -101000001010 (base 2) to base 15.
-b65
What is -444 (base 13) in base 5?
-10412
Convert aa0 (base 16) to base 8.
5240
Convert -4a45 (base 12) to base 16.
-20d5
-3300 (base 9) to base 7
-10041
430 (base 6) to base 7
321
What is 864 (base 15) in base 11?
1472
Convert -1070 (base 8) to base 3.
-210001
1454 (base 8) to base 9
1102
What is -5c8b (base 14) in base 6?
-202551
-2b5 (base 16) to base 3
-221200
Convert -1311 (base 12) to base 15.
-99d
Convert 1001000 (base 2) to base 6.
200
-100100110111 (base 2) to base 13
-10c6
What is 107506 (base 8) in base 10?
36678
What is -1304 (base 7) in base 3?
-200022
Convert -100000100 (base 2) to base 7.
-521
Convert -20652 (base 7) to base 8.
-12015
Convert 2674 (base 10) to base 14.
d90
704 (base 8) to base 3
121202
-7af (base 16) to base 10
-1967
Convert -1332222 (base 4) to base 5.
-224411
What is -1a9 (base 14) in base 13?
-207
What is 1021002 (base 3) in base 2?
1110011000
-52262 (base 8) to base 6
-244214
Convert -11001001110000 (base 2) to base 7.
-52434
Convert -301340 (base 5) to base 13.
-44a1
1413 (base 13) to base 11
2197
Convert -234444 (base 5) to base 10.
-8749
What is -13000 (base 7) in base 10?
-3430
Convert 10110 (base 8) to base 2.
1000001001000
-140b (base 12) to base 16
-90b
3300 (base 4) to base 2
11110000
What is 1001111001010010 (base 2) in base 10?
40530
What is -203201 (base 4) in base 10?
-2273
Convert -b18 (base 16) to base 4.
-230120
What is -31032 (base 4) in base 8?
-1516
What is 3272 (base 8) in base 12?
bb6
968 (base 10) to base 5
12333
Convert 1716 (base 9) to base 8.
2437
Convert 160063 (base 7) to base 11.
21537
Convert -7056 (base 11) to base 3.
-110212100
-12c (base 14) to base 5
-1421
What is -24838 (base 10) in base 9?
-37057
What is 3041 (base 7) in base 10?
1058
Convert -101010111 (base 2) to base 9.
-421
2577 (base 8) to base 2
10101111111
What is 871 (base 12) in base 14?
645
2311222 (base 4) to base 7
45616
What is 672 (base 13) in base 11?
917
Convert 5651 (base 8) to base 10.
2985
Convert 9275 (base 10) to base 2.
10010000111011
What is 3113 (base 8) in base 7?
4461
What is 122002 (base 3) in base 11?
38a
What is -646 (base 10) in base 11?
-538
What is -5a4 (base 16) in base 3?
-1222111
What is 25f (base 16) in base 6?
2451
Convert -14543 (base 7) to base 10.
-4049
34163 (base 12) to base 8
207333
What is -61313 (base 9) in base 4?
-21312132
Convert 2212010110 (base 3) to base 16.
dba2
What is -303 (base 4) in base 3?
-1220
-27854 (base 9) to base 6
-223334
What is 1c8 (base 15) in base 12?
2a5
Convert -33211 (base 6) to base 12.
-2807
-287 (base 13) to base 7
-1211
-157a6 (base 12) to base 10
-30510
-315 (base 11) to base 6
-1431
1750 (base 8) to base 13
5bc
Convert -31508 (base 10) to base 13.
-11459
Convert 10660 (base 9) to base 12.
4139
-22111 (base 4) to base 12
-471
Convert -3012330 (base 4) to base 15.
-3b8c
Convert 3251 (base 8) to base 15.
78a
What is 1000101101 (base 2) in base 3?
202122
What is -9e (base 15) in base 12?
-105
2014 (base 9) to base 13
892
Convert 534 (base 10) to base 3.
201210
What is 12534 (base 9) in base 12?
4a87
What is 636 (base 9) in base 6?
2223
54c9 (base 14) to base 3
202010202
What is 77365 (base 8) in base 10?
32501
Convert 2424 (base 10) to base 2.
100101111000
144333 (base 5) to base 9
8468
What is 4579 (base 12) in base 4?
1320231
-10022 (base 9) to base 4
-1212311
Convert 91a9 (base 11) to base 13.
573c
What is 22100200 (base 3) in base 8?
13715
Convert 1234 (base 6) to base 11.
262
-1479 (base 10) to base 13
-89a
What is -16243 (base 8) in base 15?
-228b
1054142 (base 6) to base 12
27352
Convert -944 (base 14) to base 4.
-130200
What is -3313 (base 6) in base 13?
-46b
Convert 334 (base 11) to base 13.
24a
Convert 11144 (base 6) to base 5.
22301
What is -66a (base 11) in base 7?
-2224
Convert 2830 (base 12) to base 4.
1020210
What is -24527 (base 9) in base 13?
-765a
What is -1026 (base 8) in base 5?
-4114
What is 1c0 (base 13) in base 4?
11011
What is 211111 (base 3) in base 5?
4412
What is -3507 (base 9) in base 3?
-10120021
What is -160521 (base 8) in base 12?
-29469
What is -1011101011 (base 2) in base 9?
-1020
What is -9ac (base 15) in base 3?
-10000000
-156 (base 9) to base 7
-246
What is 6d4d (base 14) in base 10?
19081
Convert 10103032 (base 4) to base 9.
26141
Convert 10000100110 (base 2) to base 11.
886
Convert 7807 (base 9) to base 5.
141013
What is -340 (base 8) in base 11?
-194
Convert d37 (base 16) to base 7.
12602
-1011100110 (base 2) to base 7
-2110
41001 (base 5) to base 15
ba1
-3b (base 12) to base 15
-32
132 (base 4) to base 14
22
-2359 (base 11) to base 16
-c11
What is -204 (base 12) in base 7?
-565
-3143 (base 6) to base 5
-10321
Convert 49c5 (base 15) to base 14.
5a22
What is -1301320 (base 4) in base 2?
-1110001111000
What is 313150 (base 6) in base 14?
933c
Convert 8803 (base 12) to base 7.
61446
Convert -20736 (base 8) to base 15.
-2880
-1232111 (base 5) to base 12
-11aa7
8886 (base 11) to base 16
2dbe
23221 (base 4) to base 8
1351
Convert 2422 (base 10) to base 7.
10030
What is -40010 (base 5) in base 8?
-4711
Convert 1211112 (base 3) to base 9.
1745
-35641 (base 7) to base 14
-3521
What is 213 (base